5
5
Evaluate 4 - (5 - 3 - 3 - 2).
7
What is the value of -5 + -2 + -3 + 7 + 8?
5
Evaluate 1 - (3 + -5 + 1).
2
Calculate 1 + (51 - 51) + (1 - -2).
4
-1 + -3 + (-2 - -8)
2
Calculate -6 + 4 + -10 + 7.
-5
Evaluate (-2 - (0 - 0) - -2) + 0.
0
-1 + -2 + 0 + 3
0
Evaluate (-2 - 1 - 1) + 4.
0
(-2 - (6 + -2)) + (14 - 0)
8
What is (-2 + 0 - (-2 + 1)) + 3?
2
Evaluate (0 + -2 - (19 - 22)) + 0.
1
Calculate 0 - (12 + -6) - -11.
5
Evaluate (-10 + 16 - 2) + 0.
4
What is 9 - (9 + -4) - 7 - -4?
1
Calculate -31 + 31 + (-2 + 3 - -1).
2
Evaluate -1 + (2 - 0) + -6 + 5.
0
Calculate (-12 - (-2 - 25)) + -13.
2
Evaluate 3 + (1 - (1 + 1)) - 6.
-4
Evaluate (-158 - -160) + (-1 - -5) + 0.
6
Evaluate 0 - (-4 + 3) - 1 - -1.
1
Calculate 7 + (1 - 8) + -1.
-1
-5 + (-1 + 2 - -9)
5
What is (0 - 6) + (17 - (-14 - -28))?
-3
Evaluate (0 - 6) + -10 + 15.
-1
Calculate (6 - -1) + 58 + -69.
-4
7 + -9 - (2 + -3 - 3)
2
What is the value of (1 - -2) + -8 + (7 - 3)?
-1
Evaluate -15 + 25 + (-13 - 2).
-5
Calculate -11 - -10 - -2 - 5.
-4
What is (-2 - -6) + (13 - 18 - 9)?
-10
What is 13 + -10 + (-1 - -1)?
3
Calculate 7 - ((3 - 3) + 7) - 4.
-4
Calculate -4 + (10 - (-6 + (11 - 4))).
5
What is the value of -8 - -11 - (2 + -1)?
2
What is -1 - (-5 - 1 - 1)?
6
Evaluate 1 + -11 + (-3 - -7).
-6
Evaluate 2 + (-3 - (-7 + 4)).
2
Calculate (0 - 0) + (-2 - 4).
-6
4 - (1 - (1 - 3) - 2)
3
Calculate (3 - (8 + -3)) + 5.
3
Calculate -5 + 3 - -6 - (-2 - -1).
5
2 + 2 + (4 - 3) + -1
4
What is the value of -8 + (6 - -13) + -6 + 4?
9
0 + 0 + 6 + -3 - 2
1
-10 + 8 + 1 + 6
5
Calculate (-2 - 1) + 12 + 8 + -12.
5
Calculate 9 - (16 + -5 + -3).
1
(2 - 5) + (15 - 6)
6
What is the value of (7 - 3 - 1) + -7 + 2?
-2
Evaluate (-7 - (-6 + 2)) + (1 - -6).
4
What is 0 + (-5 - 3) + 11?
3
What is the value of 17 - 7 - 0 - 1?
9
(-1 - (-2 - -3 - 7)) + 1
6
What is 6 + (1 + -3 - -1) + -1?
4
Calculate (6 - 15) + 10 + (-3 - -1).
-1
What is the value of -21 + 23 - (1 + 3 + 0)?
-2
-3 + -4 - (-10 - 4)
7
What is 1 + (-9 - (-2 - 1))?
-5
What is 0 + 4 - 4 - (0 + -4)?
4
-7 - (-4 + -7 + 2)
2
What is the value of 5 + -11 + 1 + 0?
-5
What is the value of (-2 - 13) + 10 + (0 - -7)?
2
Evaluate -3 + (-3 - -2) + 2.
-2
Calculate 4 + (-4 + 4 - (3 - 0)).
1
What is the value of 6 - (0 - 0) - (17 - 16)?
5
Evaluate -5 + 3 + 2 - 4.
-4
What is -3 - -4 - (-5 - -2)?
4
2 - 1 - ((-1 - -3) + -5)
4
(-10 - -6) + (-3 - -5) + 1
-1
Calculate 6 + 6 + 0 + -8 + -1.
3
Calculate 3 + (0 + 6 - 9).
0
10 + 0 + -4 - (5 + -3)
4
What is -1 + -3 + 6 + (1 - 0)?
3
Evaluate -1 - (-3 + (-2 - -2)).
2
Calculate -2 + 6 + (2 - 6) + -7.
-7
What is the value of -3 + 0 - (7 + -8)?
-2
What is 3 + -3 + -5 + 4?
-1
What is 1 + 32 + -26 - (1 - -13)?
-7
What is the value of 19 + -14 + 1 + -3 + 1?
4
(1 - -5) + -4 + 1
3
Evaluate 2 - (4 + -6 + 7 + -3).
0
Calculate (3 + -1 - 0) + -6.
-4
What is -8 - (-4 + (-11 - -7))?
0
Evaluate (-5 + 9 - (1 - 1)) + -7.
-3
What is the value of -1 + (-15 - -8) + 1 + 9?
2
Evaluate -6 + (1 + -1 - -3) + -1.
-4
What is the value of (8 - 1) + (-38 - -29)?
-2
-1 + -1 + 43 + -37
4
What is (-7 - (4 - 7)) + 2?
-2
Evaluate (-4 - 0) + (13 - 4).
5
Calculate -2 - -6 - (9 + -1).
-4
Evaluate -2 + 2 - (-2 + 2).
0
Evaluate 1 - (-6 + (4 - (-7 + 3))).
-1
What is the value of -3 + 4 - -9 - 17?
-7
Evaluate 3 + 0 - (-13 + (7 - -8)).
1
Calculate -7 + (-4 + 8 - -1) + -2.
-4
What is the value of 2 + 2 - (-7 + 11)?
0
What is 6 + (-2 - (3 - (9 + -3)))?
7
What is the value of (270 - 273) + -7 + 1?
-9
What is 1 + -1 + -64 + 58?
-6
What is the value of -1 + 1 + 2 - (-2 - 1)?
5
Calculate -1 + -3 - (-8 + 3).
1
Calculate 3 - (1 + 1) - (-223 + 219).
5
Calculate -9 - (-6 + 3) - -6.
0
What is the value of (-1 - -1) + (-5 - -7) - -1?
3
What is 6 - 1 - (19 + -13)?
-1
Calculate 5 + (-8 - 9 - -6).
-6
What is the value of 4 - (3 - (3 + 1))?
5
4 + (-4 - 8) - -11
3
Evaluate 2 + 11 + (-15 - -11) - 7.
2
Evaluate 1 + -7 + (-6 - -2 - -9).
-1
What is the value of 5 + (-15 - -6 - -3)?
-1
13 + -6 - (4 + 3)
0
What is the value of -1 + -1 + 2 + (60 - 63)?
-3
-10 + 3 + 1 + 1 + 0
-5
(2 - (0 + (-3 - -4))) + 1
2
(4 - -1) + 2 - (-15 + 21)
1
What is the value of -3 - (4 - 12) - 8?
-3
Calculate 14 + -25 + 13 + 4 + -1.
5
Evaluate -2 + 2 - (-4 + -6 + 6).
4
5 - 2 - (7 - 2 - 1)
-1
What is 4 - (0 + (-7 + 4 - -1))?
6
What is the value of 0 + -3 + -3 + 5?
-1
What is 5 + (-5 - 7) - (-2 - 0)?
-5
Calculate (-3 - -4) + (1 - 0).
2
-1 - ((-4 - -5) + 2 + -2)
-2
(2 - (0 + -3)) + -2
3
Calculate 0 - 2 - (8 + -10).
0
Evaluate (0 - -3) + -4 + -3.
-4
-17 + (-3 - -11) + 14
5
-1 + (4 + -9 - -2)
-4
Evaluate 2 - 6 - (-2 - 2).
0
What is -2 - (4 - (1 + -4 + 12))?
3
-5 + (-4 - (-5 - (3 - 2)))
-3
Calculate -1 + -2 + 11 + -4.
4
What is the value of -1 - -5 - (9 - -3)?
-8
-3 + -11 + 7 + (0 - -6)
-1
8 - (-3 + 8) - 7 - -7
3
1 - 5 - (-4 + -1 - 0)
1
What is the value of 7 + -27 - (-11 + -1)?
-8
Evaluate (-1 - 4) + 0 + (2 - 0).
-3
Evaluate -3 + 9 - (2 - 1).
5
What is 7 - (3 + -1) - (96 - 87)?
-4
Calculate 2 + 1 + 0 + 0 + 3.
6
Evaluate 14 + (3 - 2) + 36 + -44.
7
What is the value of (0 - 2 - -3) + (-1 - -2)?
2
2 + (-1 - (7 + (-2 - -3)))
-7
0 - 5 - ((-5 - 3) + 7)
-4
What is the value of -4 + (5 - (-3 - -6))?
-2
Calculate -5 + (2 - 1 - -2).
-2
Evaluate -4 + 3 + (1 - 2).
-2
Evaluate (1 + 4 - 10) + (1 - -2).
-2
What is -10 - -3 - (-3 - -2)?
-6
Calculate -7 - (4 + -8) - (-7 - -1).
3
What is the value of -1 + (-4 - (-1 - -1 - 4))?
-1
Calculate -1 + (-16 - -8 - -10).
1
-7 - (-7 - 1) - -2
3
Calculate (0 + 3 - (-5 - -1)) + -3.
4
Evaluate 4 + (-7 - (1 - 8)).
4
Calculate (-2 - (1 + -1 - 2)) + -5.
-5
What is 4 - (-3 + 5 + -4 + 1)?
5
What is the value of (5 - (8 - 4)) + 3?
4
Evaluate (5 - 11) + -5 + 9.
-2
What is -16 + 23 + 0 + -3?
4
Evaluate (-1 + -3 + 5 - -1) + -6.
-4
2 - ((4 - 0) + -1 - -1)
-2
What is -1 + 3 + (-11 + 1 - -3)?
-5
What is the value of 2 + (-4 + 7 - 3)?
2
Evaluate -1 + 6 + (-28 - (-7 + -7)).
-9
What is the value of 1 - (-1 + -4 + 8)?
-2
Evaluate (3 - 5 - 2) + 17 + -15.
-2
(8 - 7) + -6 + 4 + 0
-1
Calculate (1 + -1 - (-5 - -5)) + -3.
-3
-6 + 2 + -1 - (-2 + 0)
-3
20 - (2 + 7 - -4)
7
(-29 - -1 - -15) + 11
-2
What is (2 - 5) + (-4 - (-6 + 0))?
-1
What is the value of (1 - 0 - 1) + 3 + 2?
5
What is the value of -8 + (4 - 1 - -1)?
-4
Calculate (-4 - (-6 - -10)) + 4.
-4
4 - -3 - (-16 - -27)
-4
Calculate (-2 - (-9 + -2)) + -4 + 5.
10
What is (-7 - -2 - -4) + 2?
1
What is 4 - (-1 + 1) - (0 - -1)?
3
3 - (-1 + (0 - 2) - -10)
-4
1 + -6 - (-7 - -2)
0
Evaluate 3 + (-15 + 11 - (-7 - -1)).
5
Calculate -6 - 1 - (-6 + 9 + -6).
-4
What is the value of 38 + -33 + (4 - 0)?
9
What is (-2 + -1 - -7) + -6 - -2?
0
What is the value of -14 + (1 - 5) - -12?
-6
1 - (-4 + 4) - -4
5
5 - (3 + -8 + -5 + 10)
5
What is the value of -2 - 1 - (0 - (12 - 12))?
-3
What is -14 - 11 - -18 - (1 + -8)?
0
Evaluate (-2 - 1) + 8 + (0 - 6).
-1
Calculate (-1 + 4 - 7 - 0) + 6.
2
What is the value of (-2 - (10 + -10)) + 0 + 3?
1
What is 1 + (2 + -2 - 4)?
-3
Evaluate 0 + 5 + (-1 - 0) + 1.
5
Evaluate 1 - (5 - 2) - (4 + -10).
4
Calculate -4 + (-16 + 13 - (-3 - 1)).
-3
Calculate 8 + 4 + (-4 - 11).
-3
What is the value of -3 + (-2 - ((0 - -1) + -5))?
-1
Evaluate 11 - (1 - (8 - (12 - 0))).
6
What is (-22 - -10) + (9 - (5 - 3))?
-5
What is the value of (-20 - -7) + 1 + 3?
-9
What is -1 + -3 + 20 + -8?
8
(-3 - -5) + -3 - -2
1
What is the value of (-96 - -94) + -1 + 1?
-2
What is 6 - ((8 + -4 - -4) + -5)?
3
Calculate 2 - (-3 + (-4 - -7)) - 5.
-3
Calculate -6 + (-3 - -4) + (-1 - -3).
-3
Calculate 7 - (15 + 1) - (3 + -6).
-6
Evaluate (8 - 8 - (1 + -5)) + -5.
-1
(-7 - (-7 + -7)) + 0 + -1
6
What is the value of -2 + 0 - (66 + -75)?
7
Calculate (-4 + 9 - 7) + -2.
-4
Evaluate 13 - (-12 + 15 - -9).
1
-8 - -8 - -4 - 2
2
Calculate (1 + -4 - -4) + -3 + -4.
-6
Evaluate (-4 - 1 - -13) + -7.
1
Evaluate -3 - (-2 + (-7 - -10)).
-4
What is 4 - (-1 + 7) - (0 - 6)?
4
What is (-1 - -6 - -2) + -7?
0
(3 + -7 - 2) + 4 + 5
3
-1 + (1 - 4 - -6) - -4
6
Calculate -17 - -8 - (-12 + 4).
-1
What is 3 + (1 + 2 - 7)?
-1
What is the value of -3 - 1 - (11 + -11)?
-4
Calculate -13 - (12 - 5 - (13 + 0)).
-7
What is the value of 3 - (0 + 0 + (-6 - -7))?
2
Evaluate -2 - -3 - (-30 + 31).
0
What is the value of -13 + 6 + -3 + 10?
0
What is 3 + (-14 - -11) + -1?
-1
What is 6 + 1 - (20 + -17) - 11?
-7
3 - (2 + (-6 + 2 - -4))
1
Calculate -1 - (0 + 1) - 3.
-